{"id":4104,"date":"2024-01-15T10:35:34","date_gmt":"2024-01-15T15:35:34","guid":{"rendered":"https:\/\/espritdelanature.ca\/product\/serenite\/"},"modified":"2025-11-20T18:37:06","modified_gmt":"2025-11-20T23:37:06","slug":"serenite","status":"publish","type":"product","link":"https:\/\/espritdelanature.ca\/fr\/produit\/serenite\/","title":{"rendered":"S\u00c9R\u00c9NIT\u00c9"},"content":{"rendered":"<p>Inspiration :<\/p>\n<p>Je cueille mes fleurs de lavande et de m\u00e9lilot t\u00f4t les matins frais d&rsquo;\u00e9t\u00e9. Les abeilles bourdonnent partout. Le parfum \u00e9pic\u00e9 et floral de la lavande et le parfum vanill\u00e9 et herbac\u00e9 du m\u00e9lilot m&rsquo;aident \u00e0 calmer mon esprit et mes mouvements, ce qui me permet de travailler aux c\u00f4t\u00e9s des abeilles en toute tranquillit\u00e9. Je coupe les tiges des fleurs en prenant soin de ne pas d\u00e9ranger les abeilles et en leur laissant toujours beaucoup de fleurs pour leurs propres besoins. L&rsquo;\u00e9tat de fugue se poursuit lorsque je retourne \u00e0 ma cabane pour traiter les fleurs en vue de les s\u00e9cher, de les saler et de les infuser. Ensuite, je passe l&rsquo;apr\u00e8s-midi \u00e0 l&rsquo;ombre, sous les arbres frais et parfum\u00e9s, car la chaleur de la journ\u00e9e d&rsquo;\u00e9t\u00e9 rend le travail impossible. Calme, tr\u00e8s calmem&#8230;&#8230;<\/p>\n<p style=\"text-align: center;\"><img data-opt-id=2039128444  fetchpriority=\"high\" decoding=\"async\" class=\"alignnone wp-image-2423\" src=\"https:\/\/mlw9xtittklw.i.optimole.com\/cb:0SCI.ed7\/w:auto\/h:auto\/q:mauto\/g:sm\/f:best\/https:\/\/espritdelanature.ca\/wp-content\/uploads\/2024\/01\/Harvesting-Meliotus-in-a-High-Mountain-Meadow-WEB.jpg\" alt=\"\" width=\"543\" height=\"292\" srcset=\"https:\/\/mlw9xtittklw.i.optimole.com\/cb:0SCI.ed7\/w:800\/h:430\/q:mauto\/g:sm\/f:best\/https:\/\/espritdelanature.ca\/wp-content\/uploads\/2024\/01\/Harvesting-Meliotus-in-a-High-Mountain-Meadow-WEB.jpg 1798w, https:\/\/mlw9xtittklw.i.optimole.com\/cb:0SCI.ed7\/w:510\/h:275\/q:mauto\/g:sm\/f:best\/https:\/\/espritdelanature.ca\/wp-content\/uploads\/2024\/01\/Harvesting-Meliotus-in-a-High-Mountain-Meadow-WEB.jpg 510w, https:\/\/mlw9xtittklw.i.optimole.com\/cb:0SCI.ed7\/w:743\/h:400\/q:mauto\/g:sm\/f:best\/https:\/\/espritdelanature.ca\/wp-content\/uploads\/2024\/01\/Harvesting-Meliotus-in-a-High-Mountain-Meadow-WEB.jpg 743w, https:\/\/mlw9xtittklw.i.optimole.com\/cb:0SCI.ed7\/w:800\/h:430\/q:mauto\/g:sm\/f:best\/https:\/\/espritdelanature.ca\/wp-content\/uploads\/2024\/01\/Harvesting-Meliotus-in-a-High-Mountain-Meadow-WEB.jpg 1400w, https:\/\/mlw9xtittklw.i.optimole.com\/cb:0SCI.ed7\/w:768\/h:413\/q:mauto\/g:sm\/f:best\/https:\/\/espritdelanature.ca\/wp-content\/uploads\/2024\/01\/Harvesting-Meliotus-in-a-High-Mountain-Meadow-WEB.jpg 768w, https:\/\/mlw9xtittklw.i.optimole.com\/cb:0SCI.ed7\/w:800\/h:430\/q:mauto\/g:sm\/f:best\/https:\/\/espritdelanature.ca\/wp-content\/uploads\/2024\/01\/Harvesting-Meliotus-in-a-High-Mountain-Meadow-WEB.jpg 1536w, https:\/\/mlw9xtittklw.i.optimole.com\/cb:0SCI.ed7\/w:800\/h:430\/q:mauto\/g:sm\/f:best\/https:\/\/espritdelanature.ca\/wp-content\/uploads\/2024\/01\/Harvesting-Meliotus-in-a-High-Mountain-Meadow-WEB.jpg 1200w, https:\/\/mlw9xtittklw.i.optimole.com\/cb:0SCI.ed7\/w:800\/h:430\/q:mauto\/g:sm\/f:best\/https:\/\/espritdelanature.ca\/wp-content\/uploads\/2024\/01\/Harvesting-Meliotus-in-a-High-Mountain-Meadow-WEB.jpg 1320w\" sizes=\"(max-width: 543px) 100vw, 543px\" \/><\/p>\n","protected":false},"excerpt":{"rendered":"<p>L&rsquo;encens \u00ab\u00a0S\u00e9r\u00e9nit\u00e9\u00a0\u00bb est un m\u00e9lange extr\u00eamement calmant. Excellent pour diffuser avant de s&rsquo;endormir, pendant la m\u00e9ditation ou pour se d\u00e9tendre apr\u00e8s une journ\u00e9e stressante.<\/p>\n<p>Notes d&rsquo;encens : Fleurs de lavande, r\u00e9sines, bois pr\u00e9cieux<\/p>\n<p>INGR\u00c9DIENTS : Bourgeons de lavande, feuilles et fleurs de m\u00e9lilot, mousse arborescente, encens noir, bois de santal, bois d&rsquo;agar, r\u00e9sine de storax, extraits de lavande et de bois de c\u00e8dre.<\/p>\n<p>Chauffez cet encens sur un chauffe-encens \u00e9lectrique \u00e0 180\u00ba.<\/p>\n","protected":false},"featured_media":3506,"comment_status":"open","ping_status":"closed","template":"","meta":{"_coblocks_attr":"","_coblocks_dimensions":"","_coblocks_responsive_height":"","_coblocks_accordion_ie_support":"","_crdt_document":"","jetpack_publicize_message":"","jetpack_publicize_feature_enabled":true,"jetpack_social_post_already_shared":true,"jetpack_social_options":{"image_generator_settings":{"template":"highway","default_image_id":0,"font":"","enabled":false},"version":2},"_wpas_customize_per_network":false},"product_brand":[],"product_cat":[3073,3074],"product_tag":[3077,3056,3065,3048,3055],"giftcard-category":[],"class_list":{"0":"post-4104","1":"product","2":"type-product","3":"status-publish","4":"has-post-thumbnail","6":"product_cat-encens-naturel","7":"product_cat-encens-chauffes","8":"product_tag-compose","9":"product_tag-floral-fr","10":"product_tag-paysage-olfactif-fr","11":"product_tag-plantes-locales","12":"product_tag-resines","14":"first","15":"instock","16":"taxable","17":"shipping-taxable","18":"purchasable","19":"product-type-simple","20":"add-to-wishlist-before_image"},"jetpack_publicize_connections":[],"jetpack_likes_enabled":true,"jetpack_sharing_enabled":true,"jetpack-related-posts":[],"_links":{"self":[{"href":"https:\/\/espritdelanature.ca\/fr\/wp-json\/wp\/v2\/product\/4104","targetHints":{"allow":["GET"]}}],"collection":[{"href":"https:\/\/espritdelanature.ca\/fr\/wp-json\/wp\/v2\/product"}],"about":[{"href":"https:\/\/espritdelanature.ca\/fr\/wp-json\/wp\/v2\/types\/product"}],"replies":[{"embeddable":true,"href":"https:\/\/espritdelanature.ca\/fr\/wp-json\/wp\/v2\/comments?post=4104"}],"wp:featuredmedia":[{"embeddable":true,"href":"https:\/\/espritdelanature.ca\/fr\/wp-json\/wp\/v2\/media\/3506"}],"wp:attachment":[{"href":"https:\/\/espritdelanature.ca\/fr\/wp-json\/wp\/v2\/media?parent=4104"}],"wp:term":[{"taxonomy":"product_brand","embeddable":true,"href":"https:\/\/espritdelanature.ca\/fr\/wp-json\/wp\/v2\/product_brand?post=4104"},{"taxonomy":"product_cat","embeddable":true,"href":"https:\/\/espritdelanature.ca\/fr\/wp-json\/wp\/v2\/product_cat?post=4104"},{"taxonomy":"product_tag","embeddable":true,"href":"https:\/\/espritdelanature.ca\/fr\/wp-json\/wp\/v2\/product_tag?post=4104"},{"taxonomy":"giftcard-category","embeddable":true,"href":"https:\/\/espritdelanature.ca\/fr\/wp-json\/wp\/v2\/giftcard-category?post=4104"}],"curies":[{"name":"wp","href":"https:\/\/api.w.org\/{rel}","templated":true}]}}

SÉRÉNITÉ

<p>Inspiration :</p>
<p>Je cueille mes fleurs de lavande et de mélilot tôt les matins frais d&rsquo;été. Les abeilles bourdonnent partout. Le parfum épicé et floral de la lavande et le parfum vanillé et herbacé du mélilot m&rsquo;aident à calmer mon esprit et mes mouvements, ce qui me permet de travailler aux côtés des abeilles en toute tranquillité. Je coupe les tiges des fleurs en prenant soin de ne pas déranger les abeilles et en leur laissant toujours beaucoup de fleurs pour leurs propres besoins. L&rsquo;état de fugue se poursuit lorsque je retourne à ma cabane pour traiter les fleurs en vue de les sécher, de les saler et de les infuser. Ensuite, je passe l&rsquo;après-midi à l&rsquo;ombre, sous les arbres frais et parfumés, car la chaleur de la journée d&rsquo;été rend le travail impossible. Calme, très calmem&#8230;&#8230;</p>
<p style="text-align: center;"><img data-opt-id=2039128444  fetchpriority="high" decoding="async" class="alignnone wp-image-2423" src="https://mlw9xtittklw.i.optimole.com/cb:0SCI.ed7/w:auto/h:auto/q:mauto/g:sm/f:best/https://espritdelanature.ca/wp-content/uploads/2024/01/Harvesting-Meliotus-in-a-High-Mountain-Meadow-WEB.jpg" alt="" width="543" height="292" srcset="https://mlw9xtittklw.i.optimole.com/cb:0SCI.ed7/w:800/h:430/q:mauto/g:sm/f:best/https://espritdelanature.ca/wp-content/uploads/2024/01/Harvesting-Meliotus-in-a-High-Mountain-Meadow-WEB.jpg 1798w, https://mlw9xtittklw.i.optimole.com/cb:0SCI.ed7/w:510/h:275/q:mauto/g:sm/f:best/https://espritdelanature.ca/wp-content/uploads/2024/01/Harvesting-Meliotus-in-a-High-Mountain-Meadow-WEB.jpg 510w, https://mlw9xtittklw.i.optimole.com/cb:0SCI.ed7/w:743/h:400/q:mauto/g:sm/f:best/https://espritdelanature.ca/wp-content/uploads/2024/01/Harvesting-Meliotus-in-a-High-Mountain-Meadow-WEB.jpg 743w, https://mlw9xtittklw.i.optimole.com/cb:0SCI.ed7/w:800/h:430/q:mauto/g:sm/f:best/https://espritdelanature.ca/wp-content/uploads/2024/01/Harvesting-Meliotus-in-a-High-Mountain-Meadow-WEB.jpg 1400w, https://mlw9xtittklw.i.optimole.com/cb:0SCI.ed7/w:768/h:413/q:mauto/g:sm/f:best/https://espritdelanature.ca/wp-content/uploads/2024/01/Harvesting-Meliotus-in-a-High-Mountain-Meadow-WEB.jpg 768w, https://mlw9xtittklw.i.optimole.com/cb:0SCI.ed7/w:800/h:430/q:mauto/g:sm/f:best/https://espritdelanature.ca/wp-content/uploads/2024/01/Harvesting-Meliotus-in-a-High-Mountain-Meadow-WEB.jpg 1536w, https://mlw9xtittklw.i.optimole.com/cb:0SCI.ed7/w:800/h:430/q:mauto/g:sm/f:best/https://espritdelanature.ca/wp-content/uploads/2024/01/Harvesting-Meliotus-in-a-High-Mountain-Meadow-WEB.jpg 1200w, https://mlw9xtittklw.i.optimole.com/cb:0SCI.ed7/w:800/h:430/q:mauto/g:sm/f:best/https://espritdelanature.ca/wp-content/uploads/2024/01/Harvesting-Meliotus-in-a-High-Mountain-Meadow-WEB.jpg 1320w" sizes="(max-width: 543px) 100vw, 543px" /></p>

<p>L&rsquo;encens « Sérénité » est un mélange extrêmement calmant. Excellent pour diffuser avant de s&rsquo;endormir, pendant la méditation ou pour se détendre après une journée stressante.</p>
<p>Notes d&rsquo;encens : Fleurs de lavande, résines, bois précieux</p>
<p>INGRÉDIENTS : Bourgeons de lavande, feuilles et fleurs de mélilot, mousse arborescente, encens noir, bois de santal, bois d&rsquo;agar, résine de storax, extraits de lavande et de bois de cèdre.</p>
<p>Chauffez cet encens sur un chauffe-encens électrique à 180º.</p>
